32, -3*l + x*i + 99 = 0. What are the prime factors of l?
3, 11
Let d(h) = -h**3 + 33*h**2 + 33*h + 120. List the prime factors of d(34).
2, 43
Suppose -4*u - 3*z = -2435, 2*z + 1188 + 651 = 3*u. Suppose -4*a - q = -u, -2*a = -0*a - q - 301. What are the prime factors of a?
2, 19
Suppose 188 = 5*z - 3887. List the prime factors of z.
5, 163
Let h(q) = -4*q**2 + 2*q + 2. Let n be h(-1). Let l(b) = -b - 13. Let u(w) = -3*w - 27. Let a(f) = -13*l(f) + 6*u(f). List the prime factors of a(n).
3
What are the prime factors of (75/(-9) - 1)/(7/(-84))?
2, 7
Let b = -3 + 6. Suppose -b*k + 6 = 0, 3*k - 692 = -3*j - k. Suppose 0 = 3*u + 57 - j. What are the prime factors of u?
3, 19
Let j be (0 + 9)/(-3) + -18. Let v = j + 31. Let o = -6 + v. What are the prime factors of o?
2
Let o = 1206 + -744. What are the prime factors of o?
2, 3, 7, 11
Let t be 60/(-27) - (-2)/9. Let g be (4/t)/(12/(-378)). Suppose -1 + g = 2*z. What are the prime factors of z?
31
Suppose -3*d + 992 = w, 32*d = w + 30*d - 972. What are the prime factors of w?
2, 5, 7
Let r(w) = -w**3 + 9*w**2 - w + 9. Let j be r(9). Suppose -2*h + 5*y = -47, -h - h + 3*y + 49 = j. Let l = h - 5. What are the prime factors of l?
3, 7
Let b be 1/6 + (-145)/(-30). Suppose m + 2 + 164 = b*o, 2*m = -4*o + 130. List the prime factors of o.
3, 11
Let d = 6538 - 1427. List the prime factors of d.
19, 269
Let o(r) = 4*r**3 + 2*r**2 + r - 3. Let l be o(-3). Let i = -53 - l. List the prime factors of i.
43
Let p be ((-5)/(-1))/((-10)/(-12)). Suppose -p*y + 36 = -4*y. List the prime factors of y.
2, 3
Let s be -3 + 3 - (-10)/5. Suppose -j + 2*c + 192 = 0, s*c - 768 = -4*j - 2*c. What are the prime factors of j?
2, 3
Let z(o) = o**2 - 12*o - 45. Let t(f) = -19*f + 1. Let c be t(-1). List the prime factors of z(c).
5, 23
Let y = 46 - 50. What are the prime factors of ((-30)/4)/(y/16)?
2, 3, 5
Suppose -s + 0 = -6. Suppose 3*y = -2*g + 11, g - s*g = 3*y - 50. List the prime factors of g.
13
Let q(p) = p**3 + 10*p**2 + 4*p - 16. Suppose -24*a + 31*a + 63 = 0. What are the prime factors of q(a)?
29
Let t be (-3)/(-2) + 249/6. Suppose t = c + 7. Suppose 9 = -k + c. List the prime factors of k.
3
Suppose 4*x + 2*q - 12 = 0, 0*x - 12 = -x - 5*q. Suppose p + 4 = h + x*p, 4*p + 14 = 2*h. Let m(n) = 7*n + 6. What are the prime factors of m(h)?
41
Let o be (-17)/(-2) + 6/(-4). Suppose o + 3 = -5*c. List the prime factors of (c + -8 + 1)*-1.
3
Suppose 3*q - 314 = -5*i, 4*q - 396 = -3*i + 2*i. Suppose 7*g - q = 5*g. Suppose -2*v + k = -0*v - g, -3*k = -v + 27. List the prime factors of v.
2, 3
Suppose 2003 = 5*f + 178. Suppose 5*q = -5*w + f, -4*w + w = 5*q - 211. Let i = -43 + w. What are the prime factors of i?
2, 17
Let v(y) = y + 7. Let r be v(-7). Let t be -4 - r - (0 - -641). What are the prime factors of t/(-9) - (-14)/(-21)?
71
Let s = 3952 - -787. What are the prime factors of s?
7, 677
Let l = 516 - 225. Let w = l - 133. List the prime factors of w.
2, 79
Let o be (-70)/(-21) + 2/(-6). Suppose -o*t + 7 = 1. Suppose t*d - 3*d + 4 = 0. What are the prime factors of d?
2
Let l = -1316 + 1866. List the prime factors of l.
2, 5, 11
Let m = 81 + -33. Let t = 20 + m. What are the prime factors of t?
2, 17
Let b(n) = 2*n + 14. Let c be -11 + (1 - (1 - -4)). Let k be b(c). What are the prime factors of (-436)/(-18) + k/72?
2, 3
Suppose -5*h + m = -3*m - 11, 0 = 5*h - 2*m - 13. Suppose 3*g = k - 398, -g = -7*k + h*k + 140. List the prime factors of ((-3)/(-2))/((-9)/g).
2, 11
Suppose -3*r + 39*q = 40*q - 5785, r - 3*q - 1945 = 0. What are the prime factors of r?
2, 5, 193
Let i(t) = 7*t**2 + t - 4. Let u be i(3). Let r = 111 - u. What are the prime factors of r?
7
Let v(t) be the third derivative of -t**4/24 + 8*t**3/3 + 2*t**2. List the prime factors of v(-15).
31
Suppose 0 = -2*q + 7*q - 885. Suppose 0 = -5*x + 492 - q. Suppose 0 = -u + 3*v + 25, 2*u - 5*v - x = -u. What are the prime factors of u?
2
Let d(q) = 1578*q**3 + 2*q**2 - 17*q + 15. What are the prime factors of d(1)?
2, 3, 263
Let v be 8/12*6 + -12. Let y(a) = 2*a**2 - 16*a - 5. Let o(z) = -3*z**2 + 17*z + 6. Let n(s) = -4*o(s) - 5*y(s). List the prime factors of n(v).
3, 11
Let n = -210 - -494. Suppose 0 = -0*j + 4*j + 2*m - n, 3*j = -3*m + 216. List the prime factors of j.
2, 5, 7
Suppose -99 = -3*t + u, 4*t - 4*u = t + 99. Let j = -10 + t. List the prime factors of j.
23
List the prime factors of (8 + -4)*1828/(-32)*-6.
3, 457
Let y(k) = -3*k + 9. Let a be y(8). Let u = 15 + a. Suppose -4*i + i + 120 = u. What are the prime factors of i?
2, 5
Suppose -2*s - 8 = -3*s. Let d(g) = g**3 - 8*g**2 + 2*g - 12. Let b be d(s). Suppose 43 = b*u - 65. What are the prime factors of u?
3
Let u(c) = c**2 + 39. Let d(q) = q**2 - 8*q + 12. Let y be d(6). Let w be u(y). Suppose 0 = 3*i - 3, b + b - 5*i - w = 0. List the prime factors of b.
2, 11
Suppose 102*z + 1500 = 106*z. List the prime factors of z.
3, 5
List the prime factors of (8 - 6)/((-1)/(-243)).
2, 3
Let b = 11 - 14. Let y(w) be the third derivative of -5*w**4/12 - w**3/6 + 4*w**2. What are the prime factors of y(b)?
29
Suppose -r = r + l + 3, -3*r - l - 3 = 0. Let a(c) = -c**2 - c + 3. Let x be a(r). Suppose 0 = -2*d + x*d + 5*h - 11, -15 = 5*h. List the prime factors of d.
2, 13
Let k = -1560 - -6607. List the prime factors of k.
7, 103
Suppose 7*o - 2*o = 40. List the prime factors of (-3)/((-810)/1032 - (-6)/o).
2, 43
Let h = 1 + 32. Let i = h - 26. Let y(n) = -n**2 + 13*n + 9. List the prime factors of y(i).
3, 17
Suppose 0 = t + 5*i - 17, -2*t - 2*i + 20 + 14 = 0. Let k = t - 13. Suppose 0 = -a + 4*r + k, 2*a + 2*r - 18 = -0*a. What are the prime factors of a?
2
Suppose w = -2*o + 9, -2*w + 12 = -0*w - 2*o. Let l(d) = -d**2 + 7*d. Let g be l(w). Suppose g = -3*n + 5*n - 20. What are the prime factors of n?
2, 5
Suppose -5*g + 207 = -513. Let f = g + -75. List the prime factors of f.
3, 23
Suppose -3*d + 34 = -5*t, 6*d - 3*d - t - 14 = 0. Suppose -3*j = -4*n - 61, 5*j - 84 = d*n + 14. What are the prime factors of j?
19
Suppose 30*f - 186 = 31104. List the prime factors of f.
7, 149
Let z(i) = 6 - 4*i**2 - 2*i**2 + 7*i**2 + 5*i. Let u(p) = 3*p**2 + 16*p + 18. Let k(n) = -3*u(n) + 8*z(n). What are the prime factors of k(-6)?
2, 3
What are the prime factors of ((-27)/54)/(899/(-898) - -1)?
449
Suppose 0 = -9*m + 5*m - 4, n - 1651 = -m. What are the prime factors of n?
2, 7, 59
Let d be 2*6/(-9)*174/(-4). Suppose -2*q = 3*m + 113, -2*m - 4*q - 42 = 44. Let z = d + m. List the prime factors of z.
23
Let j = 5 + 7. Let d = 0 + 2. Suppose 47 = w + c + j, 0 = 4*w - d*c - 152. List the prime factors of w.
37
Let c(g) = -10 - 4*g**2 + 4*g**3 - 6*g - 5*g**3 + 12*g**2. List the prime factors of c(6).
2, 13
Let z = -272 - -586. Let x = -163 + z. What are the prime factors of x?
151
Let y(g) = 44*g**2 - 22*g - 5. List the prime factors of y(5).
5, 197
Let o(i) = 116*i - 8. Let w be 20/11 + 44/242. What are the prime factors of o(w)?
2, 7
Suppose 6 = o + 3. Let t(c) = c - 4*c + 2 - o*c. List the prime factors of t(-4).
2, 13
Suppose -5*i - 2*f = -55, 0*f - 61 = -4*i - 5*f. List the prime factors of (11 + -1)/(1/i).
2, 3, 5
Let i = -15 + 27. Suppose i*f + 66 = 10*f. What are the prime factors of (-1128)/f + 6/(-33)?
2, 17
Let v = -36 + 56. Suppose -3*j = j - v. Suppose 0 = -2*z - 2, -j*w - 5*z + 26 = 1. List the prime factors of w.
2, 3
Suppose 6*t - 2*t = -4*l + 260, 0 = 4*t - 2*l - 236. Suppose 0*q + 14 = q + 2*m, -4*q - 3*m = -t. What are the prime factors of q?
2
Let x be (12/(-9))/((-4)/186). Suppose x + 16 = b. List the prime factors of b.
2, 3, 13
Let b(n) = 3*n**2 - 44*n + 58. What are the prime factors of b(19)?
5, 61
Suppose -10*m + 29776 - 6826 = 0. List the prime factors of m.
3, 5, 17
Let a = 216 - -152. List the prime factors of a.
2, 23
Let i = 218 + 895. List the prime factors of i.
3, 7, 53
Let i(o) = 3*o + 7. Let c(b) = -2*b - 7. Let w(s) = 4*c(s) + 3*i(s). Let j be w(5). Let q(v) = -v + 3. List the prime factors of q(j).
5
Let a(p) = -p**2 + 6*p - 4. Let j be a(5). Let v(u) = j + u + 1 - 6 + 11*u**2 + 2. What are the prime factors of v(2)?
2, 11
Suppose b - 424 = -2*l, -2*l + 309 = 5*b - 1843. What are the prime factors of b?
2, 3
Let z(r) = r**2 + 0*r**2 - 6*r + r - 7 + 6*r. List the prime factors of 